{"id":7649,"date":"2025-02-07T14:58:25","date_gmt":"2025-02-07T14:58:25","guid":{"rendered":"https:\/\/selvamatemagica.com\/?post_type=product&#038;p=7649"},"modified":"2025-12-30T19:44:47","modified_gmt":"2025-12-30T19:44:47","slug":"clases-de-matematicas-en-linea-nivel-preescolar","status":"publish","type":"product","link":"https:\/\/selvamatemagica.com\/?product=clases-de-matematicas-en-linea-nivel-preescolar","title":{"rendered":"Plataforma Digital de Selva Matem\u00e1gica"},"content":{"rendered":"<p><strong>\u00bfQu\u00e9 ofrecemos?<br \/>\n\u2705\u00a0Clases en vivo dos veces por semana\u00a0\u2013 Grupos reducidos para atenci\u00f3n personalizada.<br \/>\n\u2705\u00a0Seguimiento individualizado\u00a0\u2013 Sabemos en qu\u00e9 nivel est\u00e1 cada alumno y lo llevamos paso a paso.<br \/>\n\u2705\u00a0Plataforma Digital Selva Matem\u00e1gica\u00a0\u2013 Videos explicativos, ejercicios interactivos y herramientas para reforzar lo aprendido.<br \/>\n\u2705\u00a0Reportes de avance mensuales\u00a0\u2013 Para que los pap\u00e1s sepan exactamente c\u00f3mo va su hijo.<br \/>\n\u2705\u00a0Capacitaciones y talleres para padres\u00a0\u2013 Porque tambi\u00e9n es importante que entiendan c\u00f3mo apoyar en casa.<br \/>\n\u2705\u00a0Clase de colocaci\u00f3n y proped\u00e9utico gratis\u00a0\u2013 Evaluamos el nivel del estudiante antes de comenzar.<br \/>\n\u2705\u00a0Evaluaciones constantes\u00a0\u2013 Para asegurarnos de que realmente est\u00e1 aprendiendo.<\/strong><\/p>\n<p>&nbsp;<\/p>\n","protected":false},"excerpt":{"rendered":"<p><strong>Advertencia: Despu\u00e9s de estas clases, tu hijo podr\u00eda decir \u201c\u00a1me gustan las matem\u00e1ticas!\u201d (y no estamos bromeando).<\/strong><\/p>\n<p>Las matem\u00e1ticas no tienen que ser un dolor de cabeza.\u00a0<strong>En Selva Clases, ense\u00f1amos a los ni\u00f1os a razonar y entender los n\u00fameros<\/strong>\u00a0con nuestra metodolog\u00eda \u00fanica, sin f\u00f3rmulas memorizadas ni reglas sin sentido.<\/p>\n<p>Por cada tema del ciclo escolar encontraremos un video explicativo, ejercicios y c\u00e1lculos mentales que le har\u00e1n comprensibles los temas hasta dominarlos.<\/p>\n<p><strong>Aprender matem\u00e1ticas puede ser f\u00e1cil, divertido y 100% comprensible.<\/strong><\/p>\n<p>Precio: <span style=\"font-size: 20px;\"><strong>MX$1200<\/strong><\/span><\/p>\n<p><a href=\"https:\/\/wa.me\/524462868486?text=Hola%2C%20me%20interesa%20m\u00e1s%20informaci\u00f3n%20sobre%20el%20producto\"><img decoding=\"async\" class=\"alignnone wp-image-9356 size-full\" src=\"https:\/\/selvamatemagica.com\/wp-content\/uploads\/2025\/02\/haz.jpg\" alt=\"\" width=\"239\" height=\"48\" \/><\/a><\/p>\n","protected":false},"featured_media":7667,"comment_status":"open","ping_status":"closed","template":"","meta":{"_joinchat":[]},"product_brand":[],"product_cat":[15],"product_tag":[],"class_list":{"0":"post-7649","1":"product","2":"type-product","3":"status-publish","4":"has-post-thumbnail","6":"product_cat-uncategorized","8":"first","9":"instock","10":"virtual","11":"product-type-simple"},"yoast_head":"<!-- This site is optimized with the Yoast SEO plugin v27.4 - https:\/\/yoast.com\/product\/yoast-seo-wordpress\/ -->\n<title>Plataforma Digital de Selva Matem\u00e1gica - SelvaMatem&aacute;gica<\/title>\n<meta name=\"robots\" content=\"index, follow, max-snippet:-1, max-image-preview:large, max-video-preview:-1\" \/>\n<link rel=\"canonical\" href=\"https:\/\/selvamatemagica.com\/?product=clases-de-matematicas-en-linea-nivel-preescolar\" \/>\n<meta property=\"og:locale\" content=\"es_ES\" \/>\n<meta property=\"og:type\" content=\"article\" \/>\n<meta property=\"og:title\" content=\"Plataforma Digital de Selva Matem\u00e1gica - SelvaMatem&aacute;gica\" \/>\n<meta property=\"og:description\" content=\"Advertencia: Despu\u00e9s de estas clases, tu hijo podr\u00eda decir \u201c\u00a1me gustan las matem\u00e1ticas!\u201d (y no estamos bromeando).  Las matem\u00e1ticas no tienen que ser un dolor de cabeza.\u00a0En Selva Clases, ense\u00f1amos a los ni\u00f1os a razonar y entender los n\u00fameros\u00a0con nuestra metodolog\u00eda \u00fanica, sin f\u00f3rmulas memorizadas ni reglas sin sentido.  Por cada tema del ciclo escolar encontraremos un video explicativo, ejercicios y c\u00e1lculos mentales que le har\u00e1n comprensibles los temas hasta dominarlos.  Aprender matem\u00e1ticas puede ser f\u00e1cil, divertido y 100% comprensible.  Precio: MX$1200\" \/>\n<meta property=\"og:url\" content=\"https:\/\/selvamatemagica.com\/?product=clases-de-matematicas-en-linea-nivel-preescolar\" \/>\n<meta property=\"og:site_name\" content=\"SelvaMatem&aacute;gica\" \/>\n<meta property=\"article:modified_time\" content=\"2025-12-30T19:44:47+00:00\" \/>\n<meta property=\"og:image\" content=\"https:\/\/selvamatemagica.com\/wp-content\/uploads\/2025\/02\/WhatsApp-Image-2025-02-06-at-11.24.01-AM-1.jpeg\" \/>\n\t<meta property=\"og:image:width\" content=\"1600\" \/>\n\t<meta property=\"og:image:height\" content=\"1039\" \/>\n\t<meta property=\"og:image:type\" content=\"image\/jpeg\" \/>\n<meta name=\"twitter:card\" content=\"summary_large_image\" \/>\n<meta name=\"twitter:label1\" content=\"Tiempo de lectura\" \/>\n\t<meta name=\"twitter:data1\" content=\"1 minuto\" \/>\n<script type=\"application\/ld+json\" class=\"yoast-schema-graph\">{\"@context\":\"https:\\\/\\\/schema.org\",\"@graph\":[{\"@type\":\"WebPage\",\"@id\":\"https:\\\/\\\/selvamatemagica.com\\\/?product=clases-de-matematicas-en-linea-nivel-preescolar\",\"url\":\"https:\\\/\\\/selvamatemagica.com\\\/?product=clases-de-matematicas-en-linea-nivel-preescolar\",\"name\":\"Plataforma Digital de Selva Matem\u00e1gica - SelvaMatem&aacute;gica\",\"isPartOf\":{\"@id\":\"https:\\\/\\\/selvamatemagica.com\\\/#website\"},\"primaryImageOfPage\":{\"@id\":\"https:\\\/\\\/selvamatemagica.com\\\/?product=clases-de-matematicas-en-linea-nivel-preescolar#primaryimage\"},\"image\":{\"@id\":\"https:\\\/\\\/selvamatemagica.com\\\/?product=clases-de-matematicas-en-linea-nivel-preescolar#primaryimage\"},\"thumbnailUrl\":\"https:\\\/\\\/selvamatemagica.com\\\/wp-content\\\/uploads\\\/2025\\\/02\\\/WhatsApp-Image-2025-02-06-at-11.24.01-AM-1.jpeg\",\"datePublished\":\"2025-02-07T14:58:25+00:00\",\"dateModified\":\"2025-12-30T19:44:47+00:00\",\"breadcrumb\":{\"@id\":\"https:\\\/\\\/selvamatemagica.com\\\/?product=clases-de-matematicas-en-linea-nivel-preescolar#breadcrumb\"},\"inLanguage\":\"es\",\"potentialAction\":[{\"@type\":\"ReadAction\",\"target\":[\"https:\\\/\\\/selvamatemagica.com\\\/?product=clases-de-matematicas-en-linea-nivel-preescolar\"]}]},{\"@type\":\"ImageObject\",\"inLanguage\":\"es\",\"@id\":\"https:\\\/\\\/selvamatemagica.com\\\/?product=clases-de-matematicas-en-linea-nivel-preescolar#primaryimage\",\"url\":\"https:\\\/\\\/selvamatemagica.com\\\/wp-content\\\/uploads\\\/2025\\\/02\\\/WhatsApp-Image-2025-02-06-at-11.24.01-AM-1.jpeg\",\"contentUrl\":\"https:\\\/\\\/selvamatemagica.com\\\/wp-content\\\/uploads\\\/2025\\\/02\\\/WhatsApp-Image-2025-02-06-at-11.24.01-AM-1.jpeg\",\"width\":1600,\"height\":1039},{\"@type\":\"BreadcrumbList\",\"@id\":\"https:\\\/\\\/selvamatemagica.com\\\/?product=clases-de-matematicas-en-linea-nivel-preescolar#breadcrumb\",\"itemListElement\":[{\"@type\":\"ListItem\",\"position\":1,\"name\":\"Portada\",\"item\":\"https:\\\/\\\/selvamatemagica.com\\\/\"},{\"@type\":\"ListItem\",\"position\":2,\"name\":\"Productos\",\"item\":\"https:\\\/\\\/selvamatemagica.com\\\/?post_type=product\"},{\"@type\":\"ListItem\",\"position\":3,\"name\":\"Plataforma Digital de Selva Matem\u00e1gica\"}]},{\"@type\":\"WebSite\",\"@id\":\"https:\\\/\\\/selvamatemagica.com\\\/#website\",\"url\":\"https:\\\/\\\/selvamatemagica.com\\\/\",\"name\":\"SelvaMatem&aacute;gica\",\"description\":\"S&oacute;lo otro sitio de WordPress\",\"potentialAction\":[{\"@type\":\"SearchAction\",\"target\":{\"@type\":\"EntryPoint\",\"urlTemplate\":\"https:\\\/\\\/selvamatemagica.com\\\/?s={search_term_string}\"},\"query-input\":{\"@type\":\"PropertyValueSpecification\",\"valueRequired\":true,\"valueName\":\"search_term_string\"}}],\"inLanguage\":\"es\"}]}<\/script>\n<!-- \/ Yoast SEO plugin. -->","yoast_head_json":{"title":"Plataforma Digital de Selva Matem\u00e1gica - SelvaMatem&aacute;gica","robots":{"index":"index","follow":"follow","max-snippet":"max-snippet:-1","max-image-preview":"max-image-preview:large","max-video-preview":"max-video-preview:-1"},"canonical":"https:\/\/selvamatemagica.com\/?product=clases-de-matematicas-en-linea-nivel-preescolar","og_locale":"es_ES","og_type":"article","og_title":"Plataforma Digital de Selva Matem\u00e1gica - SelvaMatem&aacute;gica","og_description":"Advertencia: Despu\u00e9s de estas clases, tu hijo podr\u00eda decir \u201c\u00a1me gustan las matem\u00e1ticas!\u201d (y no estamos bromeando).  Las matem\u00e1ticas no tienen que ser un dolor de cabeza.\u00a0En Selva Clases, ense\u00f1amos a los ni\u00f1os a razonar y entender los n\u00fameros\u00a0con nuestra metodolog\u00eda \u00fanica, sin f\u00f3rmulas memorizadas ni reglas sin sentido.  Por cada tema del ciclo escolar encontraremos un video explicativo, ejercicios y c\u00e1lculos mentales que le har\u00e1n comprensibles los temas hasta dominarlos.  Aprender matem\u00e1ticas puede ser f\u00e1cil, divertido y 100% comprensible.  Precio: MX$1200","og_url":"https:\/\/selvamatemagica.com\/?product=clases-de-matematicas-en-linea-nivel-preescolar","og_site_name":"SelvaMatem&aacute;gica","article_modified_time":"2025-12-30T19:44:47+00:00","og_image":[{"width":1600,"height":1039,"url":"https:\/\/selvamatemagica.com\/wp-content\/uploads\/2025\/02\/WhatsApp-Image-2025-02-06-at-11.24.01-AM-1.jpeg","type":"image\/jpeg"}],"twitter_card":"summary_large_image","twitter_misc":{"Tiempo de lectura":"1 minuto"},"schema":{"@context":"https:\/\/schema.org","@graph":[{"@type":"WebPage","@id":"https:\/\/selvamatemagica.com\/?product=clases-de-matematicas-en-linea-nivel-preescolar","url":"https:\/\/selvamatemagica.com\/?product=clases-de-matematicas-en-linea-nivel-preescolar","name":"Plataforma Digital de Selva Matem\u00e1gica - SelvaMatem&aacute;gica","isPartOf":{"@id":"https:\/\/selvamatemagica.com\/#website"},"primaryImageOfPage":{"@id":"https:\/\/selvamatemagica.com\/?product=clases-de-matematicas-en-linea-nivel-preescolar#primaryimage"},"image":{"@id":"https:\/\/selvamatemagica.com\/?product=clases-de-matematicas-en-linea-nivel-preescolar#primaryimage"},"thumbnailUrl":"https:\/\/selvamatemagica.com\/wp-content\/uploads\/2025\/02\/WhatsApp-Image-2025-02-06-at-11.24.01-AM-1.jpeg","datePublished":"2025-02-07T14:58:25+00:00","dateModified":"2025-12-30T19:44:47+00:00","breadcrumb":{"@id":"https:\/\/selvamatemagica.com\/?product=clases-de-matematicas-en-linea-nivel-preescolar#breadcrumb"},"inLanguage":"es","potentialAction":[{"@type":"ReadAction","target":["https:\/\/selvamatemagica.com\/?product=clases-de-matematicas-en-linea-nivel-preescolar"]}]},{"@type":"ImageObject","inLanguage":"es","@id":"https:\/\/selvamatemagica.com\/?product=clases-de-matematicas-en-linea-nivel-preescolar#primaryimage","url":"https:\/\/selvamatemagica.com\/wp-content\/uploads\/2025\/02\/WhatsApp-Image-2025-02-06-at-11.24.01-AM-1.jpeg","contentUrl":"https:\/\/selvamatemagica.com\/wp-content\/uploads\/2025\/02\/WhatsApp-Image-2025-02-06-at-11.24.01-AM-1.jpeg","width":1600,"height":1039},{"@type":"BreadcrumbList","@id":"https:\/\/selvamatemagica.com\/?product=clases-de-matematicas-en-linea-nivel-preescolar#breadcrumb","itemListElement":[{"@type":"ListItem","position":1,"name":"Portada","item":"https:\/\/selvamatemagica.com\/"},{"@type":"ListItem","position":2,"name":"Productos","item":"https:\/\/selvamatemagica.com\/?post_type=product"},{"@type":"ListItem","position":3,"name":"Plataforma Digital de Selva Matem\u00e1gica"}]},{"@type":"WebSite","@id":"https:\/\/selvamatemagica.com\/#website","url":"https:\/\/selvamatemagica.com\/","name":"SelvaMatem&aacute;gica","description":"S&oacute;lo otro sitio de WordPress","potentialAction":[{"@type":"SearchAction","target":{"@type":"EntryPoint","urlTemplate":"https:\/\/selvamatemagica.com\/?s={search_term_string}"},"query-input":{"@type":"PropertyValueSpecification","valueRequired":true,"valueName":"search_term_string"}}],"inLanguage":"es"}]}},"_links":{"self":[{"href":"https:\/\/selvamatemagica.com\/index.php?rest_route=\/wp\/v2\/product\/7649","targetHints":{"allow":["GET"]}}],"collection":[{"href":"https:\/\/selvamatemagica.com\/index.php?rest_route=\/wp\/v2\/product"}],"about":[{"href":"https:\/\/selvamatemagica.com\/index.php?rest_route=\/wp\/v2\/types\/product"}],"replies":[{"embeddable":true,"href":"https:\/\/selvamatemagica.com\/index.php?rest_route=%2Fwp%2Fv2%2Fcomments&post=7649"}],"wp:featuredmedia":[{"embeddable":true,"href":"https:\/\/selvamatemagica.com\/index.php?rest_route=\/wp\/v2\/media\/7667"}],"wp:attachment":[{"href":"https:\/\/selvamatemagica.com\/index.php?rest_route=%2Fwp%2Fv2%2Fmedia&parent=7649"}],"wp:term":[{"taxonomy":"product_brand","embeddable":true,"href":"https:\/\/selvamatemagica.com\/index.php?rest_route=%2Fwp%2Fv2%2Fproduct_brand&post=7649"},{"taxonomy":"product_cat","embeddable":true,"href":"https:\/\/selvamatemagica.com\/index.php?rest_route=%2Fwp%2Fv2%2Fproduct_cat&post=7649"},{"taxonomy":"product_tag","embeddable":true,"href":"https:\/\/selvamatemagica.com\/index.php?rest_route=%2Fwp%2Fv2%2Fproduct_tag&post=7649"}],"curies":[{"name":"wp","href":"https:\/\/api.w.org\/{rel}","templated":true}]}}