{"id":7844,"date":"2025-02-11T15:43:10","date_gmt":"2025-02-11T15:43:10","guid":{"rendered":"https:\/\/selvamatemagica.com\/?post_type=product&#038;p=7844"},"modified":"2025-12-30T19:41:10","modified_gmt":"2025-12-30T19:41:10","slug":"libro-de-matematicas-2-de-primaria","status":"publish","type":"product","link":"https:\/\/selvamatemagica.com\/?product=libro-de-matematicas-2-de-primaria","title":{"rendered":"Libro de Matem\u00e1ticas \u2013 2\u00b0 de Primaria"},"content":{"rendered":"<p><strong>\u00bfQu\u00e9 aprender\u00e1n?<\/strong><br \/>\n\u2705\u00a0<strong>Escritura y valor posicional de n\u00fameros:<\/strong>\u00a0Hasta centenas, incluyendo descomposici\u00f3n de n\u00fameros.<br \/>\n\u2705\u00a0<strong>Operaciones b\u00e1sicas avanzadas:<\/strong>\u00a0Suma y resta din\u00e1mica, est\u00e1tica, con y sin cambios, y estrategias para resolverlas.<br \/>\n\u2705\u00a0<strong>Patrones y secuencias num\u00e9ricas:<\/strong>\u00a0Reconocimiento de patrones y series hasta centenas.<br \/>\n\u2705\u00a0<strong>Fracciones:<\/strong>\u00a0Introducci\u00f3n y comparaci\u00f3n de fracciones, fracciones equivalentes y operaciones con fracciones.<br \/>\n\u2705\u00a0<strong>Medici\u00f3n y geometr\u00eda:<\/strong>\u00a0Aprenden sobre l\u00edneas, superficies, vol\u00famenes y figuras geom\u00e9tricas como tri\u00e1ngulos, cuadrados y rect\u00e1ngulos.<br \/>\n\u2705\u00a0<strong>Multiplicaci\u00f3n y divisi\u00f3n:<\/strong>\u00a0Desde los fundamentos hasta tablas din\u00e1micas y ejercicios de agrupamiento y reparto.<br \/>\n\u2705\u00a0<strong>Resoluci\u00f3n de problemas:<\/strong>\u00a0Estrategias pr\u00e1cticas y actividades que fomentan el razonamiento l\u00f3gico.<\/p>\n<p>\ud83d\udca1\u00a0<strong>Ventajas:<\/strong><br \/>\n\ud83d\udd39\u00a0<strong>Aprendizaje progresivo:<\/strong>\u00a0El contenido est\u00e1 dise\u00f1ado para que los ni\u00f1os avancen de manera natural y sin frustraciones.<br \/>\n\ud83d\udd39\u00a0<strong>Actividades din\u00e1micas:<\/strong>\u00a0Ejercicios pr\u00e1cticos que integran el aprendizaje l\u00f3gico y visual.<br \/>\n\ud83d\udd39\u00a0<strong>Preparaci\u00f3n integral:<\/strong>\u00a0Todo lo necesario para dominar los temas clave del segundo grado.<br \/>\n\ud83d\udd39\u00a0<strong>Metodolog\u00eda comprobada:<\/strong>\u00a0Basada en Selva Matem\u00e1gica, priorizando la comprensi\u00f3n l\u00f3gica sobre la memorizaci\u00f3n.<\/p>\n<p>\ud83d\ude80\u00a0<strong>\u00a1Lleva las matem\u00e1ticas al siguiente nivel con Selva Matem\u00e1gica!<\/strong><\/p>\n<p>\ud83d\uded2\u00a0<strong>Agr\u00e9galo al carrito y dale a tu hijo las herramientas para sobresalir.<\/strong><\/p>\n","protected":false},"excerpt":{"rendered":"<p><strong>Advertencia: Este libro puede convertir las matem\u00e1ticas en la materia favorita de tu hijo.<\/strong><\/p>\n<p>El\u00a0<strong>Libro de 2\u00b0 de Primaria de Selva Matem\u00e1gica<\/strong>\u00a0lleva el aprendizaje matem\u00e1tico al siguiente nivel. Dise\u00f1ado para reforzar y expandir las bases del primer grado, este libro gu\u00eda a los ni\u00f1os en su desarrollo l\u00f3gico y matem\u00e1tico, asegurando que comprendan los conceptos de manera profunda y divertida.<\/p>\n<p>Precio: <span style=\"font-size: 20px;\"><strong>MX$680<\/strong><\/span><\/p>\n<p><a href=\"https:\/\/wa.me\/524462868486?text=Hola%2C%20me%20interesa%20m\u00e1s%20informaci\u00f3n%20sobre%20el%20producto\"><img decoding=\"async\" class=\"alignnone wp-image-9356 size-full\" src=\"https:\/\/selvamatemagica.com\/wp-content\/uploads\/2025\/02\/haz.jpg\" alt=\"\" width=\"239\" height=\"48\" \/><\/a><\/p>\n","protected":false},"featured_media":9333,"comment_status":"open","ping_status":"closed","template":"","meta":{"_joinchat":[]},"product_brand":[],"product_cat":[15],"product_tag":[],"class_list":{"0":"post-7844","1":"product","2":"type-product","3":"status-publish","4":"has-post-thumbnail","6":"product_cat-uncategorized","8":"first","9":"instock","10":"shipping-taxable","11":"product-type-simple"},"yoast_head":"<!-- This site is optimized with the Yoast SEO plugin v27.4 - https:\/\/yoast.com\/product\/yoast-seo-wordpress\/ -->\n<title>Libro de Matem\u00e1ticas \u2013 2\u00b0 de Primaria - SelvaMatem&aacute;gica<\/title>\n<meta name=\"robots\" content=\"index, follow, max-snippet:-1, max-image-preview:large, max-video-preview:-1\" \/>\n<link rel=\"canonical\" href=\"https:\/\/selvamatemagica.com\/?product=libro-de-matematicas-2-de-primaria\" \/>\n<meta property=\"og:locale\" content=\"es_ES\" \/>\n<meta property=\"og:type\" content=\"article\" \/>\n<meta property=\"og:title\" content=\"Libro de Matem\u00e1ticas \u2013 2\u00b0 de Primaria - SelvaMatem&aacute;gica\" \/>\n<meta property=\"og:description\" content=\"Advertencia: Este libro puede convertir las matem\u00e1ticas en la materia favorita de tu hijo.  El\u00a0Libro de 2\u00b0 de Primaria de Selva Matem\u00e1gica\u00a0lleva el aprendizaje matem\u00e1tico al siguiente nivel. Dise\u00f1ado para reforzar y expandir las bases del primer grado, este libro gu\u00eda a los ni\u00f1os en su desarrollo l\u00f3gico y matem\u00e1tico, asegurando que comprendan los conceptos de manera profunda y divertida.  Precio: MX$680\" \/>\n<meta property=\"og:url\" content=\"https:\/\/selvamatemagica.com\/?product=libro-de-matematicas-2-de-primaria\" \/>\n<meta property=\"og:site_name\" content=\"SelvaMatem&aacute;gica\" \/>\n<meta property=\"article:modified_time\" content=\"2025-12-30T19:41:10+00:00\" \/>\n<meta property=\"og:image\" content=\"https:\/\/selvamatemagica.com\/wp-content\/uploads\/2025\/02\/primaria_2_1-1.jpg\" \/>\n\t<meta property=\"og:image:width\" content=\"600\" \/>\n\t<meta property=\"og:image:height\" content=\"700\" \/>\n\t<meta property=\"og:image:type\" content=\"image\/jpeg\" \/>\n<meta name=\"twitter:card\" content=\"summary_large_image\" \/>\n<meta name=\"twitter:label1\" content=\"Tiempo de lectura\" \/>\n\t<meta name=\"twitter:data1\" content=\"2 minutos\" \/>\n<script type=\"application\/ld+json\" class=\"yoast-schema-graph\">{\"@context\":\"https:\\\/\\\/schema.org\",\"@graph\":[{\"@type\":\"WebPage\",\"@id\":\"https:\\\/\\\/selvamatemagica.com\\\/?product=libro-de-matematicas-2-de-primaria\",\"url\":\"https:\\\/\\\/selvamatemagica.com\\\/?product=libro-de-matematicas-2-de-primaria\",\"name\":\"Libro de Matem\u00e1ticas \u2013 2\u00b0 de Primaria - SelvaMatem&aacute;gica\",\"isPartOf\":{\"@id\":\"https:\\\/\\\/selvamatemagica.com\\\/#website\"},\"primaryImageOfPage\":{\"@id\":\"https:\\\/\\\/selvamatemagica.com\\\/?product=libro-de-matematicas-2-de-primaria#primaryimage\"},\"image\":{\"@id\":\"https:\\\/\\\/selvamatemagica.com\\\/?product=libro-de-matematicas-2-de-primaria#primaryimage\"},\"thumbnailUrl\":\"https:\\\/\\\/selvamatemagica.com\\\/wp-content\\\/uploads\\\/2025\\\/02\\\/primaria_2_1-1.jpg\",\"datePublished\":\"2025-02-11T15:43:10+00:00\",\"dateModified\":\"2025-12-30T19:41:10+00:00\",\"breadcrumb\":{\"@id\":\"https:\\\/\\\/selvamatemagica.com\\\/?product=libro-de-matematicas-2-de-primaria#breadcrumb\"},\"inLanguage\":\"es\",\"potentialAction\":[{\"@type\":\"ReadAction\",\"target\":[\"https:\\\/\\\/selvamatemagica.com\\\/?product=libro-de-matematicas-2-de-primaria\"]}]},{\"@type\":\"ImageObject\",\"inLanguage\":\"es\",\"@id\":\"https:\\\/\\\/selvamatemagica.com\\\/?product=libro-de-matematicas-2-de-primaria#primaryimage\",\"url\":\"https:\\\/\\\/selvamatemagica.com\\\/wp-content\\\/uploads\\\/2025\\\/02\\\/primaria_2_1-1.jpg\",\"contentUrl\":\"https:\\\/\\\/selvamatemagica.com\\\/wp-content\\\/uploads\\\/2025\\\/02\\\/primaria_2_1-1.jpg\",\"width\":600,\"height\":700},{\"@type\":\"BreadcrumbList\",\"@id\":\"https:\\\/\\\/selvamatemagica.com\\\/?product=libro-de-matematicas-2-de-primaria#breadcrumb\",\"itemListElement\":[{\"@type\":\"ListItem\",\"position\":1,\"name\":\"Portada\",\"item\":\"https:\\\/\\\/selvamatemagica.com\\\/\"},{\"@type\":\"ListItem\",\"position\":2,\"name\":\"Productos\",\"item\":\"https:\\\/\\\/selvamatemagica.com\\\/?post_type=product\"},{\"@type\":\"ListItem\",\"position\":3,\"name\":\"Libro de Matem\u00e1ticas \u2013 2\u00b0 de Primaria\"}]},{\"@type\":\"WebSite\",\"@id\":\"https:\\\/\\\/selvamatemagica.com\\\/#website\",\"url\":\"https:\\\/\\\/selvamatemagica.com\\\/\",\"name\":\"SelvaMatem&aacute;gica\",\"description\":\"S&oacute;lo otro sitio de WordPress\",\"potentialAction\":[{\"@type\":\"SearchAction\",\"target\":{\"@type\":\"EntryPoint\",\"urlTemplate\":\"https:\\\/\\\/selvamatemagica.com\\\/?s={search_term_string}\"},\"query-input\":{\"@type\":\"PropertyValueSpecification\",\"valueRequired\":true,\"valueName\":\"search_term_string\"}}],\"inLanguage\":\"es\"}]}<\/script>\n<!-- \/ Yoast SEO plugin. -->","yoast_head_json":{"title":"Libro de Matem\u00e1ticas \u2013 2\u00b0 de Primaria - SelvaMatem&aacute;gica","robots":{"index":"index","follow":"follow","max-snippet":"max-snippet:-1","max-image-preview":"max-image-preview:large","max-video-preview":"max-video-preview:-1"},"canonical":"https:\/\/selvamatemagica.com\/?product=libro-de-matematicas-2-de-primaria","og_locale":"es_ES","og_type":"article","og_title":"Libro de Matem\u00e1ticas \u2013 2\u00b0 de Primaria - SelvaMatem&aacute;gica","og_description":"Advertencia: Este libro puede convertir las matem\u00e1ticas en la materia favorita de tu hijo.  El\u00a0Libro de 2\u00b0 de Primaria de Selva Matem\u00e1gica\u00a0lleva el aprendizaje matem\u00e1tico al siguiente nivel. Dise\u00f1ado para reforzar y expandir las bases del primer grado, este libro gu\u00eda a los ni\u00f1os en su desarrollo l\u00f3gico y matem\u00e1tico, asegurando que comprendan los conceptos de manera profunda y divertida.  Precio: MX$680","og_url":"https:\/\/selvamatemagica.com\/?product=libro-de-matematicas-2-de-primaria","og_site_name":"SelvaMatem&aacute;gica","article_modified_time":"2025-12-30T19:41:10+00:00","og_image":[{"width":600,"height":700,"url":"https:\/\/selvamatemagica.com\/wp-content\/uploads\/2025\/02\/primaria_2_1-1.jpg","type":"image\/jpeg"}],"twitter_card":"summary_large_image","twitter_misc":{"Tiempo de lectura":"2 minutos"},"schema":{"@context":"https:\/\/schema.org","@graph":[{"@type":"WebPage","@id":"https:\/\/selvamatemagica.com\/?product=libro-de-matematicas-2-de-primaria","url":"https:\/\/selvamatemagica.com\/?product=libro-de-matematicas-2-de-primaria","name":"Libro de Matem\u00e1ticas \u2013 2\u00b0 de Primaria - SelvaMatem&aacute;gica","isPartOf":{"@id":"https:\/\/selvamatemagica.com\/#website"},"primaryImageOfPage":{"@id":"https:\/\/selvamatemagica.com\/?product=libro-de-matematicas-2-de-primaria#primaryimage"},"image":{"@id":"https:\/\/selvamatemagica.com\/?product=libro-de-matematicas-2-de-primaria#primaryimage"},"thumbnailUrl":"https:\/\/selvamatemagica.com\/wp-content\/uploads\/2025\/02\/primaria_2_1-1.jpg","datePublished":"2025-02-11T15:43:10+00:00","dateModified":"2025-12-30T19:41:10+00:00","breadcrumb":{"@id":"https:\/\/selvamatemagica.com\/?product=libro-de-matematicas-2-de-primaria#breadcrumb"},"inLanguage":"es","potentialAction":[{"@type":"ReadAction","target":["https:\/\/selvamatemagica.com\/?product=libro-de-matematicas-2-de-primaria"]}]},{"@type":"ImageObject","inLanguage":"es","@id":"https:\/\/selvamatemagica.com\/?product=libro-de-matematicas-2-de-primaria#primaryimage","url":"https:\/\/selvamatemagica.com\/wp-content\/uploads\/2025\/02\/primaria_2_1-1.jpg","contentUrl":"https:\/\/selvamatemagica.com\/wp-content\/uploads\/2025\/02\/primaria_2_1-1.jpg","width":600,"height":700},{"@type":"BreadcrumbList","@id":"https:\/\/selvamatemagica.com\/?product=libro-de-matematicas-2-de-primaria#breadcrumb","itemListElement":[{"@type":"ListItem","position":1,"name":"Portada","item":"https:\/\/selvamatemagica.com\/"},{"@type":"ListItem","position":2,"name":"Productos","item":"https:\/\/selvamatemagica.com\/?post_type=product"},{"@type":"ListItem","position":3,"name":"Libro de Matem\u00e1ticas \u2013 2\u00b0 de Primaria"}]},{"@type":"WebSite","@id":"https:\/\/selvamatemagica.com\/#website","url":"https:\/\/selvamatemagica.com\/","name":"SelvaMatem&aacute;gica","description":"S&oacute;lo otro sitio de WordPress","potentialAction":[{"@type":"SearchAction","target":{"@type":"EntryPoint","urlTemplate":"https:\/\/selvamatemagica.com\/?s={search_term_string}"},"query-input":{"@type":"PropertyValueSpecification","valueRequired":true,"valueName":"search_term_string"}}],"inLanguage":"es"}]}},"_links":{"self":[{"href":"https:\/\/selvamatemagica.com\/index.php?rest_route=\/wp\/v2\/product\/7844","targetHints":{"allow":["GET"]}}],"collection":[{"href":"https:\/\/selvamatemagica.com\/index.php?rest_route=\/wp\/v2\/product"}],"about":[{"href":"https:\/\/selvamatemagica.com\/index.php?rest_route=\/wp\/v2\/types\/product"}],"replies":[{"embeddable":true,"href":"https:\/\/selvamatemagica.com\/index.php?rest_route=%2Fwp%2Fv2%2Fcomments&post=7844"}],"wp:featuredmedia":[{"embeddable":true,"href":"https:\/\/selvamatemagica.com\/index.php?rest_route=\/wp\/v2\/media\/9333"}],"wp:attachment":[{"href":"https:\/\/selvamatemagica.com\/index.php?rest_route=%2Fwp%2Fv2%2Fmedia&parent=7844"}],"wp:term":[{"taxonomy":"product_brand","embeddable":true,"href":"https:\/\/selvamatemagica.com\/index.php?rest_route=%2Fwp%2Fv2%2Fproduct_brand&post=7844"},{"taxonomy":"product_cat","embeddable":true,"href":"https:\/\/selvamatemagica.com\/index.php?rest_route=%2Fwp%2Fv2%2Fproduct_cat&post=7844"},{"taxonomy":"product_tag","embeddable":true,"href":"https:\/\/selvamatemagica.com\/index.php?rest_route=%2Fwp%2Fv2%2Fproduct_tag&post=7844"}],"curies":[{"name":"wp","href":"https:\/\/api.w.org\/{rel}","templated":true}]}}